uppose -q + i = 3*q. List the prime factors of q.
2, 47
Suppose 10*c = 6*c + 1076. What are the prime factors of c?
269
Let q(a) = 3*a**2 + 80*a - 46. What are the prime factors of q(12)?
2, 673
Let f = 1462 - 668. What are the prime factors of f?
2, 397
Let y be (-66)/(-15) - (-4)/(-10). Let p(f) = 5*f**2 - 15*f + 6*f + 3 - y*f**2 + 0*f**2. What are the prime factors of p(11)?
5
Suppose 0 = -146*i + 139*i + 1092. List the prime factors of i.
2, 3, 13
Suppose -975 = -i + 3*r + 895, i - 4*r - 1868 = 0. List the prime factors of i.
2, 7, 67
Suppose 19 = 3*q + 4. What are the prime factors of 3/(2 - q) - -231?
2, 5, 23
Let k(f) = f**2 + 9*f. Let j(q) be the second derivative of -q**4/12 - q**3/6 - 5*q**2 - 2*q. Let z be j(0). List the prime factors of k(z).
2, 5
Suppose -x = -6*x - 25. Let b(q) = q**3 + 5*q**2 + 2*q - 2. Let y be b(x). Let g = y + 27. What are the prime factors of g?
3, 5
Let m(n) = -n**3 + 4*n**2 - 2*n + 2. Let a be m(3). Let d(g) = g**3 - 3*g**2 + 5*g - 9. List the prime factors of d(a).
2, 3, 11
Suppose 2*z + 0 + 4 = 0. Let c = z + 4. Suppose 3*v = -5*t + 19, 5*v = -0*v + c*t + 11. What are the prime factors of v?
3
Let j(t) = -14*t**2 + 3 + t + 4 - t**3 + 3. Let l be j(-15). Suppose 0 = -2*b + 2*i + 116, 0*i = -4*b + i + l. List the prime factors of b.
2, 3
Let w(n) = n**2 - 7*n. Let u be w(7). Let c be 5*4*1 - u. List the prime factors of 5/c + 27/4.
7
Suppose 0 = 2*o - 4*o + 8. Let d be (0 - (1 - 0)) + 5. Suppose v - 17 = 3*l - 65, o*l - 80 = -d*v. What are the prime factors of l?
17
Let j(g) = g + 10. Let k be j(7). Suppose 3*u = k*u - 2520. What are the prime factors of u?
2, 3, 5
Let a be (-6)/((30/21)/(-5)). Let g = a + -3. Suppose h = -0*h + g. What are the prime factors of h?
2, 3
Let z(s) = 43*s + 1. What are the prime factors of z(16)?
13, 53
Suppose -i = i - 10. Let r(y) = -2*y + 9. Let d be r(i). List the prime factors of (-1 - d - -2) + 21.
23
Suppose 0 = -124*s + 125*s - 382. What are the prime factors of s?
2, 191
Let o be 34/12 - 8/(-48). Let p = o - 0. Suppose -4*q = -2*f - 3*f - 98, -5*q + p*f = -116. What are the prime factors of q?
2, 11
Suppose 5*l + 47 = 2*a - 56, 0 = -3*a + 2*l + 127. List the prime factors of a.
3, 13
Suppose 26*t + 4932 = 38*t. What are the prime factors of t?
3, 137
List the prime factors of (-284835)/(-170) + 1/(-2)*1.
5, 67
Let k be 1 - 0 - (-4256)/14. Suppose -4*x = x - k. List the prime factors of x.
61
Suppose -155610 = -4*i - 66*i. What are the prime factors of i?
3, 13, 19
Suppose -347*v - 3708 = -350*v. List the prime factors of v.
2, 3, 103
Suppose 2*o = -o - 3*c + 4545, -5*c = -o + 1521. List the prime factors of o.
2, 379
Let z = 65 + -67. What are the prime factors of 65 - (2/6 - z/3)?
2
Suppose 2*z - 3*z = 2. Let g(l) = -23*l**2 - 2*l - 2*l**3 - l**3 + 1 + 20*l**2. List the prime factors of g(z).
17
Suppose -u + 2*h = -5*u + 16, 4 = 4*u - h. Suppose 2*n = 5*g - 121, -2*g + 23 = -g - n. Suppose 0 = 5*d + 15, d = 3*c - g - u. List the prime factors of c.
2
Suppose 0 = 5*d - 147 + 1937. Let t = -254 - d. Let m = t - 66. List the prime factors of m.
2, 19
Let a be 87*((-3)/6)/(2/(-4)). Let b = a - 40. What are the prime factors of b?
47
Let w be 26/8 + 6/(-24). Let c(z) = 5*z**2 + z + 2. What are the prime factors of c(w)?
2, 5
Let k = -6373 - -9254. What are the prime factors of k?
43, 67
Suppose -2*b - 4*b + 72 = 0. Let y = b + -108. Let s = y - -161. List the prime factors of s.
5, 13
Let s(l) = 62*l**2 + 5*l + 11. List the prime factors of s(7).
2, 3, 257
Suppose -5*h - 2*j = j - 36, -2*h - 4*j + 20 = 0. Let a(z) = 1. Let u(l) = -15*l**2 - 2*l + 8. Let n(x) = h*a(x) - u(x). List the prime factors of n(1).
3, 5
Let j(s) = -s**2 - 18*s + 21. Let i be j(-19). Suppose n - 2 = i, 0 = 3*b - 4*n + 4. List the prime factors of b.
2
Let w = -437 - 410. What are the prime factors of (-2)/(-12) - w/66?
13
Let b(y) = -y - 3. Let a be b(-5). Suppose 2*j = 26 - a. List the prime factors of j.
2, 3
Suppose -102 = -3*l - 4*x + x, 0 = -5*l + 2*x + 149. Suppose 23 = 6*n - l. What are the prime factors of n?
3
Let u be (2 + 2)/((-4)/(-1 - 1)). Suppose -2*f + 4*s = -228, -5*f + 0*s + 538 = -u*s. What are the prime factors of f?
2, 53
Let f = 25 - 18. List the prime factors of (f/(-7))/(1/(-66)).
2, 3, 11
Suppose 0 = -5*g - 88 - 317. Let a = -58 - g. List the prime factors of a.
23
Suppose 8*i - 9*i + 1660 = 0. List the prime factors of i.
2, 5, 83
Suppose 0 = -3*i - 0*i - 3. Let r be (i + 0)/(4/(-32)). Suppose -r - 12 = -4*w. What are the prime factors of w?
5
Suppose 2*g - 2 = y, y - 1 = -2*g + 1. Let t be (g + 68)*(-42)/(-18). Suppose -4*r + t = 41. List the prime factors of r.
2, 3, 5
Let k(g) be the first derivative of 5 - g**2 - 8*g + 1/3*g**3. What are the prime factors of k(6)?
2
List the prime factors of 6 + -2 + -3*(-1264)/6.
2, 3, 53
Suppose 41 = x - 41. Suppose -x = -10*v + 5*v + 4*t, 4*v + t = 74. What are the prime factors of 6/v - (-20)/3?
7
Suppose -c - 3*s + 488 = 0, 1952 = 3*c + c - 4*s. List the prime factors of c.
2, 61
Let c be ((-16)/12)/((-1)/(-6)). Let u(g) = 3*g + 17. Let p be u(c). Let i(d) = d**3 + 7*d**2 - 4*d + 5. What are the prime factors of i(p)?
3, 11
List the prime factors of -18 + (-160050)/(-45) + 2/6.
3539
Let a = 5184 + -3664. What are the prime factors of a?
2, 5, 19
Let m be (5/4)/(-2 + 246/120). Suppose -13*o - m = -571. List the prime factors of o.
2, 3, 7
Let m(j) = j**2 + 5*j - 31. Suppose -41 = -5*u - 3*f, -3*u + 2*u + 17 = 5*f. List the prime factors of m(u).
53
Suppose 0 = 4*o + 6 + 14, 4*j + 4*o - 344 = 0. Suppose 3*m = 2*u - 2*m - 79, j = 3*u - 2*m. What are the prime factors of u?
3
Let b(k) = k + 26. Let h be b(-24). Suppose 0 = -5*f + 7 - h, -2*w - 4*f = -310. List the prime factors of w.
3, 17
List the prime factors of 8/(-28) - 17672/(-14).
2, 631
Suppose 5*f - 47 = 4*c, -7*f = -6*f - 3*c - 16. Suppose -22 = 3*j - 67. Suppose 0 = -f*d + 4*d + j. What are the prime factors of d?
5
Suppose -l = -3*v - 67, 2*v - 113 = 7*v - 2*l. Let q = v + 19. What are the prime factors of 25 + 0*2/q?
5
Suppose -s + 5*t + 546 = -0*t, 0 = -2*s - 2*t + 1128. List the prime factors of s.
3, 11, 17
Let q(l) = -2*l**2 - 17*l - 18. Let x be q(-7). Let f(g) = 4*g**3 + 3*g**2 + 6. List the prime factors of f(x).
3, 47
Suppose 3*z - 3*j - 1555 = 1478, 0 = z + j - 1005. List the prime factors of z.
2, 3, 7
Suppose 18*v - 1082 = 1366. List the prime factors of v.
2, 17
Let t = 549 + -326. List the prime factors of t.
223
Suppose 6*w = -10*w + 208. Let s(p) = 4*p**2 - 31*p - 14. What are the prime factors of s(w)?
7, 37
Let b = 47 - 42. Suppose 0*m - 540 = -b*m. What are the prime factors of m?
2, 3
Let p(r) = -11*r - 14. Let d be p(-13). Suppose 0 = -4*b + d + 55. Let w = b - 34. List the prime factors of w.
2, 3
Let h = 401 - -79. What are the prime factors of h?
2, 3, 5
Let k(z) = -6*z**2 + 258*z + 6. List the prime factors of k(21).
2, 3, 463
Let x(l) = 29*l**2 - 3 + l + 6 + 35*l**2 - 5. List the prime factors of x(1).
3, 7
List the prime factors of 1/(-10) - 108617/(-470).
3, 7, 11
Suppose 53*l - 12 = 49*l. Suppose -12*a = -l*a - 459. What are the prime factors of a?
3, 17
Let k = 420 + -209. What are the prime factors of k?
211
Let x(q) = 7*q**3 - 8*q**2 - 17*q + 11. Let j(u) = -2 - 7 + 16*u + 8*u**2 - 1 - 6*u**3. Let h(f) = 6*j(f) + 5*x(f). List the prime factors of h(9).
13
Let s(n) = -7*n - 6. Let h be s(8). What are the prime factors of (h/3)/((-19)/57)?
2, 31
Let j(f) = -52*f + 69. What are the prime factors of j(-5)?
7, 47
Let s = 2347 + -341. List the prime factors of s.
2, 17, 59
Let w be (-14)/21*(-42)/(-1). Let x be ((-20)/1)/(w/(-70)). Let d = x - -75. What are the prime factors of d?
5
Let h(d) = -d**3 - 3*d**2 - 5*d - 4. Let c be 46/(-12) - 2/12. Let f be h(c). Suppose 0 = -3*o - r + f, 7*o - 2*r = 5*o + 8. List the prime factors of o.
3
List the prime factors of (-9)/(-9 - (-38322)/4260).
2, 3, 5, 71
Let j be -2*2*7/(-28). Suppose u = b, j - 4 = -b + 4*u. What are the prime factors of ((-5)/10)/(b/50)?
5
Suppose -5*j + 3*z - 321 = -5379, 2*z - 2036 = -2*j. List the prime factors of j.
2, 3, 13
Suppose -2*f + 257 - 73 = 0. What are the prime factors of f?
2, 23
Let o(c) = 9 - 6*c**2 + c**3 - 2*c**2 + c**2 - c. Let u be o(7). Suppose 2*x = -2*a +